s digit of 49106721?
6
What is the thousands digit of 255337392?
7
What is the units digit of 44260480?
0
What is the hundred millions digit of 769530562?
7
What is the hundred thousands digit of 1933085020?
0
What is the units digit of 59428209?
9
What is the units digit of 4001003350?
0
What is the hundreds digit of 40227789?
7
What is the ten thousands digit of 4120519391?
1
What is the millions digit of 2464859?
2
What is the units digit of 2884572398?
8
What is the millions digit of 716391903?
6
What is the millions digit of 37334995?
7
What is the hundreds digit of 2212304458?
4
What is the ten millions digit of 105781379?
0
What is the units digit of 294188844?
4
What is the thousands digit of 6419398?
9
What is the hundreds digit of 90974158?
1
What is the hundreds digit of 559971111?
1
What is the hundred millions digit of 116081527?
1
What is the hundreds digit of 307898077?
0
What is the tens digit of 27671875?
7
What is the ten thousands digit of 60936184?
3
What is the units digit of 53470818?
8
What is the hundred millions digit of 285625467?
2
What is the thousands digit of 1085490338?
0
What is the millions digit of 1785047821?
5
What is the ten thousands digit of 3359313766?
1
What is the thousands digit of 9044722?
4
What is the tens digit of 41836853?
5
What is the billions digit of 2054267827?
2
What is the units digit of 30792665?
5
What is the millions digit of 48953843?
8
What is the ten millions digit of 749184380?
4
What is the thousands digit of 1236313336?
3
What is the ten thousands digit of 774735997?
3
What is the hundred millions digit of 517097537?
5
What is the units digit of 696250735?
5
What is the ten millions digit of 111703885?
1
What is the hundred millions digit of 518557402?
5
What is the hundred millions digit of 1645598150?
6
What is the hundred millions digit of 195856448?
1
What is the billions digit of 1590517156?
1
What is the units digit of 52618866?
6
What is the hundred thousands digit of 2747830461?
8
What is the ten thousands digit of 87105470?
0
What is the millions digit of 78446794?
8
What is the ten thousands digit of 90571843?
7
What is the hundred millions digit of 1399740231?
3
What is the hundreds digit of 720750005?
0
What is the ten millions digit of 569497081?
6
What is the ten thousands digit of 2130668?
3
What is the millions digit of 40467066?
0
What is the millions digit of 7514557?
7
What is the thousands digit of 117232434?
2
What is the tens digit of 517599077?
7
What is the thousands digit of 314640338?
0
What is the ten thousands digit of 367731338?
3
What is the units digit of 1827661487?
7
What is the hundred thousands digit of 3134031810?
0
What is the units digit of 4086156661?
1
What is the units digit of 15738376?
6
What is the tens digit of 1418748260?
6
What is the ten millions digit of 608742810?
0
What is the ten thousands digit of 184876679?
7
What is the hundred millions digit of 228779097?
2
What is the hundreds digit of 5938799393?
3
What is the thousands digit of 300336953?
6
What is the units digit of 84331742?
2
What is the thousands digit of 257244918?
4
What is the ten thousands digit of 117605350?
0
What is the millions digit of 47846529?
7
What is the ten thousands digit of 857594923?
9
What is the hundreds digit of 336115812?
8
What is the hundred thousands digit of 1548238836?
2
What is the units digit of 100838332?
2
What is the tens digit of 47385861?
6
What is the ten thousands digit of 562686644?
8
What is the hundred millions digit of 1191414148?
1
What is the ten millions digit of 972419328?
7
What is the ten millions digit of 310584925?
1
What is the units digit of 52857365?
5
What is the millions digit of 22014618?
2
What is the hundreds digit of 280389244?
2
What is the hundred thousands digit of 593025383?
0
What is the ten thousands digit of 48116387?
1
What is the units digit of 723431602?
2
What is the ten thousands digit of 1196183548?
8
What is the thousands digit of 710250695?
0
What is the units digit of 1386496044?
4
What is the ten thousands digit of 1503478?
0
What is the millions digit of 818092805?
8
What is the hundreds digit of 55708969?
9
What is the ten millions digit of 43578332?
4
What is the units digit of 203000959?
9
What is the billions digit of 2921695649?
2
What is the ten thousands digit of 1817688470?
8
What is the millions digit of 16544125?
6
What is the ten millions digit of 263113233?
6
What is the hundred thousands digit of 123137595?
1
What is the units digit of 193520114?
4
What is the tens digit of 13442761?
6
What is the millions digit of 166773118?
6
What is the tens digit of 34462759?
5
What is the ten millions digit of 128762122?
2
What is the units digit of 40595833?
3
What is the hundred thousands digit of 225009929?
0
What is the billions digit of 4537713423?
4
What is the units digit of 339931608?
8
What is the ten millions digit of 1704490790?
0
What is the hundreds digit of 1100519504?
5
What is the ten thousands digit of 274277623?
7
What is the ten millions digit of 20746399?
2
What is the ten thousands digit of 47149352?
4
What is the ten thousands digit of 42410357?
1
What is the hundreds digit of 3684936704?
7
What is the hundreds digit of 3516731244?
2
What is the millions digit of 2267037570?
7
What is the hundreds digit of 1023258976?
9
What is the ten thousands digit of 21684333?
8
What is the hundred thousands digit of 485516909?
5
What is the hundred thousands digit of 771604620?
6
What is the thousands digit of 58506354?
6
What is the hundred millions digit of 2183622292?
1
What is the millions digit of 3865010599?
5
What is the hundred millions digit of 895190567?
8
What is the billions digit of 5443788550?
5
What is the hundred millions digit of 2191223359?
1
What is the billions digit of 1054062677?
1
What is the ten millions digit of 290039248?
9
What is the millions digit of 95478377?
5
What is the ten millions digit of 1306840918?
0
What is the hundred millions digit of 265202037?
2
What is the tens digit of 29040897?
9
What is the ten thousands digit of 346802219?
0
What is the units digit of 102976273?
3
What is the ten millions digit of 38354452?
3
What is the ten millions digit of 36689062?
3
What is the tens digit of 21002031?
3
What is the ten millions digit of 76622794?
7
What is the hundreds digit of 400922460?
4
What is the billions digit of 3277702937?
3
What is the units digit of 173021703?
3
What is the ten thousands digit of 260077837?
7
What is the hundred thousands digit of 2499333572?
3
What is the thousands digit of 451180448?
0
What is the hundred thousands digit of 796109448?
1
What is the hundreds digit of 70848499?
4
What is the ten thousands digit of 119768310?
6
What is the millions digit of 77988240?
7
What is the millions digit of 35091375?
5
What is the hundred thousands digit of 209065685?
0
What is the ten millions digit of 212806797?
1
What is the hundred millions digit of 451858919?
4
What is the hundreds digit of 107513266?
2
What is the millions digit of 800775137?
0
What is the ten thousands digit of 148724407?
2
What is the ten thousands digit of 218032936?
3
What is the hundred millions digit of 346845618?
3
What is the millions digit of 92366370?
2
What is the ten millions digit of 1490969838?
9
What is the tens digit of 462681152?
5
What is the millions digit of 33496254?
3
What is the ten thousands digit of 62296081?
9
What is the thousands digit of 223679124?
9
What is the hundred thousands digit of 6405807483?
8
What is the thousands digit of 2150756831?
6
What is the millions digit of 1333464300?
3
What is the hundred thousands digit of 511740958?
7
What is the ten millions digit of 2163610490?
6
What is the ten millions digit of 87286980?
8
What is the hundred millions digit of 4210766636?
2
What is the tens digit of 1271373665?
6
What is the ten thousands digit of 276811521?
1
What is the thousands digit of 738679066?
9
What is the thousands digit of 1181303090?
3
What is the millions digit of 35279484?
5
What is the ten thousands digit of 95434129?
3
What is the ten thousands digit of 87109316?
0
What is the hundred thousands digit of 1050894915?
8
What is the hundred thousands digit of 220466014?
4
What is the tens digit of 624351